dred thousands digit of 8445193144?
1
What is the tens digit of 115024358?
5
What is the millions digit of 95397797?
5
What is the billions digit of 5975442556?
5
What is the millions digit of 520047125?
0
What is the hundred thousands digit of 68374901?
3
What is the hundreds digit of 18729150?
1
What is the ten thousands digit of 35664014?
6
What is the ten millions digit of 85964588?
8
What is the hundred thousands digit of 305497927?
4
What is the ten millions digit of 214050997?
1
What is the hundreds digit of 217892666?
6
What is the billions digit of 1521977359?
1
What is the ten thousands digit of 147813905?
1
What is the millions digit of 107922670?
7
What is the thousands digit of 101825861?
5
What is the hundred millions digit of 629902309?
6
What is the billions digit of 5345371469?
5
What is the hundred thousands digit of 118714639?
7
What is the millions digit of 111940516?
1
What is the hundred thousands digit of 428130336?
1
What is the ten thousands digit of 1656696000?
9
What is the hundred thousands digit of 116393004?
3
What is the hundreds digit of 1872749324?
3
What is the units digit of 4183627867?
7
What is the ten millions digit of 7123705055?
2
What is the hundreds digit of 65784141?
1
What is the hundreds digit of 183319096?
0
What is the hundred thousands digit of 69874193?
8
What is the ten thousands digit of 106767362?
6
What is the hundreds digit of 8274689?
6
What is the tens digit of 82277634?
3
What is the units digit of 804322524?
4
What is the hundreds digit of 44032881?
8
What is the units digit of 186045464?
4
What is the hundred thousands digit of 1344762703?
7
What is the hundreds digit of 203160937?
9
What is the tens digit of 57124599?
9
What is the thousands digit of 3858579795?
9
What is the hundred thousands digit of 59255287?
2
What is the hundreds digit of 19404378?
3
What is the hundred thousands digit of 2795378665?
3
What is the ten thousands digit of 623667938?
6
What is the hundred millions digit of 421873328?
4
What is the hundred thousands digit of 29045890?
0
What is the tens digit of 8115118?
1
What is the millions digit of 99668757?
9
What is the ten millions digit of 182547010?
8
What is the millions digit of 3531365276?
1
What is the ten thousands digit of 3284868936?
6
What is the ten thousands digit of 4608809?
0
What is the millions digit of 241006337?
1
What is the thousands digit of 61739945?
9
What is the hundreds digit of 257703658?
6
What is the millions digit of 31644491?
1
What is the millions digit of 110101851?
0
What is the tens digit of 991207818?
1
What is the hundreds digit of 825327394?
3
What is the hundred thousands digit of 28899193?
8
What is the units digit of 5699777817?
7
What is the ten millions digit of 2409538675?
0
What is the billions digit of 2559781387?
2
What is the hundred thousands digit of 19626022?
6
What is the units digit of 487304?
4
What is the hundred thousands digit of 13699810?
6
What is the hundreds digit of 23933816?
8
What is the millions digit of 429306190?
9
What is the millions digit of 1391732992?
1
What is the tens digit of 186352365?
6
What is the ten millions digit of 2577341577?
7
What is the units digit of 594808358?
8
What is the ten thousands digit of 456774118?
7
What is the thousands digit of 74434136?
4
What is the hundreds digit of 117517362?
3
What is the tens digit of 55102762?
6
What is the hundreds digit of 602087260?
2
What is the hundred millions digit of 193259224?
1
What is the hundred thousands digit of 25874600?
8
What is the thousands digit of 2104217736?
7
What is the units digit of 29309194?
4
What is the hundreds digit of 32195712?
7
What is the ten thousands digit of 291499317?
9
What is the tens digit of 19937489?
8
What is the ten millions digit of 1365421417?
6
What is the tens digit of 193937045?
4
What is the hundred millions digit of 1320448829?
3
What is the tens digit of 73584280?
8
What is the units digit of 335194829?
9
What is the ten millions digit of 12791081?
1
What is the ten millions digit of 410978301?
1
What is the tens digit of 3368498135?
3
What is the ten millions digit of 2634802922?
3
What is the units digit of 2909511204?
4
What is the millions digit of 1653968263?
3
What is the hundred millions digit of 4020459893?
0
What is the thousands digit of 604556312?
6
What is the hundred thousands digit of 362669223?
6
What is the thousands digit of 828747754?
7
What is the ten millions digit of 242343283?
4
What is the thousands digit of 58115079?
5
What is the thousands digit of 105529023?
9
What is the units digit of 38225065?
5
What is the hundred thousands digit of 1529867169?
8
What is the tens digit of 1532394736?
3
What is the units digit of 330941874?
4
What is the tens digit of 34461226?
2
What is the billions digit of 1718463434?
1
What is the millions digit of 130480315?
0
What is the units digit of 2223209896?
6
What is the ten thousands digit of 21929270?
2
What is the ten thousands digit of 5346110582?
1
What is the units digit of 1123734637?
7
What is the ten millions digit of 82172821?
8
What is the hundreds digit of 95131681?
6
What is the ten thousands digit of 5136026?
3
What is the billions digit of 6951723907?
6
What is the hundreds digit of 400882363?
3
What is the ten millions digit of 562894738?
6
What is the hundred millions digit of 132807229?
1
What is the millions digit of 209264238?
9
What is the millions digit of 2490423252?
0
What is the hundreds digit of 66372769?
7
What is the millions digit of 6911402?
6
What is the hundred millions digit of 276633050?
2
What is the hundred thousands digit of 141495467?
4
What is the ten thousands digit of 26828833?
2
What is the millions digit of 670167102?
0
What is the ten thousands digit of 3643104582?
0
What is the ten millions digit of 2302973132?
0
What is the ten millions digit of 171247234?
7
What is the hundred thousands digit of 1878670154?
6
What is the hundred millions digit of 106676291?
1
What is the ten millions digit of 15331956?
1
What is the hundred millions digit of 1138387308?
1
What is the hundred millions digit of 195070161?
1
What is the units digit of 1434955977?
7
What is the millions digit of 59426485?
9
What is the millions digit of 768435074?
8
What is the ten thousands digit of 4512343477?
4
What is the hundreds digit of 1864274901?
9
What is the millions digit of 312150542?
2
What is the ten millions digit of 112242314?
1
What is the hundred thousands digit of 995122162?
1
What is the hundred millions digit of 1579484862?
5
What is the units digit of 20029896?
6
What is the units digit of 21005365?
5
What is the tens digit of 427894042?
4
What is the tens digit of 72161758?
5
What is the units digit of 891518323?
3
What is the hundreds digit of 4354418108?
1
What is the units digit of 64976781?
1
What is the units digit of 135228583?
3
What is the thousands digit of 16674477?
4
What is the hundred thousands digit of 4296039450?
0
What is the tens digit of 4112164?
6
What is the millions digit of 58857087?
8
What is the hundred millions digit of 628418745?
6
What is the millions digit of 477200297?
7
What is the ten millions digit of 538786965?
3
What is the tens digit of 2022047351?
5
What is the millions digit of 358135214?
8
What is the thousands digit of 2213577940?
7
What is the ten thousands digit of 40658608?
5
What is the millions digit of 36908310?
6
What is the ten millions digit of 67922570?
6
What is the millions digit of 48401640?
8
What is the units digit of 1072636143?
3
What is the units digit of 147937880?
0
What is the ten thousands digit of 165892248?
9
What is the ten millions digit of 114647882?
1
What is the hundred millions digit of 1670204062?
6
What is the millions digit of 77445529?
7
What is the hundreds digit of 149296988?
9
What is the tens digit of 251647548?
4
What is the hundreds digit of 38919432?
4
What is the hundred millions digit of 174546081?
1
What is the billions digit of 1172998197?
1
What is the hundred thousands digit of 208933325?
9
What is the billions digit of 1253452774?
1
What is the thousands digit of 681324199?
4
What is the hundreds digit of 13787021?
0
What is the hundred millions digit of 144421480?
1
What is the ten thousands digit of 7815